prime factors of 693352.
2, 11, 7879
What are the prime factors of 1780646?
2, 7, 127189
List the prime factors of 41093433.
3, 23, 66173
List the prime factors of 1501583.
1501583
List the prime factors of 127852.
2, 31963
What are the prime factors of 23723335?
5, 1621, 2927
What are the prime factors of 1490211?
3, 97, 569
What are the prime factors of 1061332?
2, 265333
What are the prime factors of 10125327?
3, 3375109
What are the prime factors of 4219295?
5, 37, 22807
List the prime factors of 7072624.
2, 13, 37, 919
What are the prime factors of 34437?
3, 13, 883
What are the prime factors of 1634314?
2, 11, 74287
List the prime factors of 363208.
2, 83, 547
List the prime factors of 24012761.
79, 303959
What are the prime factors of 231009?
3, 77003
What are the prime factors of 18855036?
2, 3, 137, 3823
What are the prime factors of 17309?
19, 911
What are the prime factors of 3156652?
2, 89, 8867
What are the prime factors of 4649496?
2, 3, 23, 8423
List the prime factors of 610580.
2, 5, 30529
What are the prime factors of 354008?
2, 17, 19, 137
List the prime factors of 1045540.
2, 5, 61, 857
List the prime factors of 2295594.
2, 3, 7, 6073
List the prime factors of 448631.
448631
List the prime factors of 28128829.
17, 41, 40357
What are the prime factors of 447693?
3, 79, 1889
What are the prime factors of 63290?
2, 5, 6329
List the prime factors of 8033697.
3, 7, 18217
What are the prime factors of 317997?
3, 89, 397
List the prime factors of 10955881.
29, 377789
List the prime factors of 335647.
13, 25819
List the prime factors of 1064621.
229, 4649
What are the prime factors of 22219642?
2, 113, 98317
What are the prime factors of 3933070?
2, 5, 541, 727
List the prime factors of 7332203.
7332203
What are the prime factors of 517460?
2, 5, 25873
List the prime factors of 19151661.
3, 6383887
What are the prime factors of 11662049?
7, 238001
List the prime factors of 1248931.
47, 26573
List the prime factors of 21623.
7, 3089
What are the prime factors of 18106089?
3, 79, 241, 317
What are the prime factors of 8023827?
3, 7, 382087
What are the prime factors of 16261230?
2, 3, 5, 23, 23567
What are the prime factors of 9018096?
2, 3, 187877
What are the prime factors of 5683996?
2, 1420999
List the prime factors of 9021686.
2, 71, 63533
What are the prime factors of 579805?
5, 61, 1901
List the prime factors of 5535719.
7, 790817
What are the prime factors of 1149259?
1149259
List the prime factors of 2236115.
5, 7, 9127
What are the prime factors of 5117011?
59, 86729
List the prime factors of 7264951.
557, 13043
List the prime factors of 760125.
3, 5, 2027
What are the prime factors of 846903?
3, 197, 1433
What are the prime factors of 669199?
19, 35221
What are the prime factors of 2809979?
23, 122173
List the prime factors of 1647802.
2, 13, 63377
List the prime factors of 268796.
2, 11, 41, 149
What are the prime factors of 29928?
2, 3, 29, 43
List the prime factors of 3795189.
3, 1265063
List the prime factors of 45409.
7, 13, 499
What are the prime factors of 10643769?
3, 967, 1223
What are the prime factors of 10066562?
2, 11, 457571
List the prime factors of 217299.
3, 113, 641
What are the prime factors of 52870?
2, 5, 17, 311
What are the prime factors of 27892870?
2, 5, 31, 89977
What are the prime factors of 20772270?
2, 3, 5, 443, 521
What are the prime factors of 606380?
2, 5, 30319
List the prime factors of 4692997.
31, 47, 3221
What are the prime factors of 892789?
17, 52517
List the prime factors of 13316836.
2, 13, 256093
List the prime factors of 59545.
5, 11909
What are the prime factors of 688444?
2, 109, 1579
List the prime factors of 77218.
2, 38609
List the prime factors of 900859.
139, 6481
List the prime factors of 90362.
2, 45181
What are the prime factors of 78922?
2, 39461
What are the prime factors of 320782?
2, 7, 11, 2083
List the prime factors of 52416.
2, 3, 7, 13
What are the prime factors of 13561519?
3001, 4519
What are the prime factors of 209873?
29, 7237
What are the prime factors of 13508954?
2, 29, 89, 2617
What are the prime factors of 308296?
2, 89, 433
List the prime factors of 2888824.
2, 193, 1871
What are the prime factors of 16658324?
2, 53, 78577
List the prime factors of 153877.
153877
List the prime factors of 1414381.
1414381
What are the prime factors of 1924574?
2, 521, 1847
List the prime factors of 166448.
2, 101, 103
List the prime factors of 2230677.
3, 247853
What are the prime factors of 2080630?
2, 5, 17, 12239
What are the prime factors of 517460?
2, 5, 25873
What are the prime factors of 526983?
3, 17, 10333
List the prime factors of 1631525.
5, 7, 9323
What are the prime factors of 118412?
2, 7, 4229
What are the prime factors of 113586?
2, 3, 11, 1721
List the prime factors of 1149994.
2, 19, 53, 571
What are the prime factors of 2194713?
3, 243857
What are the prime factors of 26224548?
2, 3, 7, 312197
What are the prime factors of 2290179?
3, 23, 33191
List the prime factors of 963390.
2, 3, 5, 17, 1889
What are the prime factors of 4600786?
2, 107, 21499
What are the prime factors of 22922353?
22922353
What are the prime factors of 3066083?
29, 105727
What are the prime factors of 720155?
5, 144031
What are the prime factors of 2005885?
5, 7, 223, 257
List the prime factors of 14063927.
29, 199, 2437
List the prime factors of 29652.
2, 3, 7, 353
List the prime factors of 1251723.
3, 11, 83, 457
List the prime factors of 1277133.
3, 11, 13, 229
List the prime factors of 11548608.
2, 3, 60149
List the prime factors of 4060977.
3, 17, 79627
What are the prime factors of 3521887?
59, 59693
What are the prime factors of 14657264?
2, 17, 53887
What are the prime factors of 302273?
302273
What are the prime factors of 21869287?
11, 139, 14303
List the prime factors of 280334.
2, 140167
List the prime factors of 2186878.
2, 79, 13841
List the prime factors of 5540779.
53, 104543
What are the prime factors of 16292228?
2, 71, 57367
List the prime factors of 483947.
163, 2969
List the prime factors of 411360.
2, 3, 5, 857
List the prime factors of 8658337.
2647, 3271
List the prime factors of 845418.
2, 3, 7, 20129
List the prime factors of 3303462.
2, 3, 550577
List the prime factors of 4081821.
3, 1360607
What are the prime factors of 226730?
2, 5, 7, 41, 79
What are the prime factors of 6770847?
3, 113, 19973
What are the prime factors of 5151879?
3, 29, 19739
List the prime factors of 1032820.
2, 5, 113, 457
What are the prime factors of 30130705?
5, 11, 547831
List the prime factors of 1697069.
11, 154279
What are the prime factors of 173807?
173807
List the prime factors of 803593.
7, 114799
List the prime factors of 16802850.
2, 3, 5, 112019
List the prime factors of 361015.
5, 103, 701
List the prime factors of 198083.
198083
What are the prime factors of 21200?
2, 5, 53
What are the prime factors of 14210?
2, 5, 7, 29
List the prime factors of 6304631.
6304631
List the prime factors of 334184.
2, 37, 1129
What are the prime factors of 1734137?
683, 2539
List the prime factors of 1137587.
11, 19, 5443
What are the prime factors of 848332?
2, 23, 9221
List the prime factors of 11304058.
2, 5652029
List the prime factors of 15440569.
43, 419, 857
List the prime factors of 235422.
2, 3, 11, 29, 41
What are the prime factors of 118579?
19, 79
What are the prime factors of 108711?
3, 47, 257
List the prime factors of 526557.
3, 175519
List the prime factors of 1990723.
7, 40627
List the prime factors of 142879.
11, 31, 419
What are the prime factors of 723989?
7, 59, 1753
What are the prime factors of 851027?
127, 6701
What are the prime factors of 4157155?
5, 831431
What are the prime factors of 3562790?
2, 5, 7, 11, 661
What are the prime factors of 1505622?
2, 3, 17, 29, 509
What are the prime factors of 177130?
2, 5, 17713
List the prime factors of 309973.
401, 773
What are the prime factors of 325245?
3, 5, 21683
What are the prime factors of 10463972?
2, 97, 149, 181
What are the prime factors of 4328030?
2, 5, 7, 17, 3637
What are the prime factors of 194952?
2, 3, 8123
What are the prime factors of 154138?
2, 77069
What are the prime factors of 563038?
2, 7, 131, 307
What are the prime factors of 1138857?
3, 41, 47, 197
List the prime factors of 256920